{"id":19,"date":"2021-11-29T15:22:59","date_gmt":"2021-11-29T15:22:59","guid":{"rendered":"https:\/\/portaberta.pt\/?page_id=19"},"modified":"2024-01-26T12:55:00","modified_gmt":"2024-01-26T12:55:00","slug":"resultados-relatorios","status":"publish","type":"page","link":"https:\/\/portaberta.pt\/en\/resultados-relatorios\/","title":{"rendered":"<strong>Results &amp; Reports<\/strong>"},"content":{"rendered":"\n<ul class=\"wp-block-list\">\n<li><strong>Activity 1<\/strong> &#8211; Project management and monitoring\n<ul class=\"wp-block-list\">\n<li><a href=\"https:\/\/repositorium.sdum.uminho.pt\/handle\/1822\/77698\" target=\"_blank\" rel=\"noreferrer noopener\">1\u00ba Relat\u00f3rio semestral de execu\u00e7\u00e3o<\/a><\/li>\n\n\n\n<li><a href=\"https:\/\/repositorium.sdum.uminho.pt\/handle\/1822\/80574\" target=\"_blank\" rel=\"noreferrer noopener\">2\u00ba Relat\u00f3rio semestral de execu\u00e7\u00e3o<\/a><\/li>\n\n\n\n<li><a href=\"https:\/\/repositorium.sdum.uminho.pt\/handle\/1822\/83403\" target=\"_blank\" rel=\"noreferrer noopener\">3\u00ba Relat\u00f3rio semestral de execu\u00e7\u00e3o<\/a><\/li>\n\n\n\n<li><a href=\"https:\/\/repositorium.sdum.uminho.pt\/handle\/1822\/87625\" target=\"_blank\" rel=\"noreferrer noopener\">4\u00ba Relat\u00f3rio semestral de execu\u00e7\u00e3o<\/a><\/li>\n<\/ul>\n<\/li>\n<\/ul>\n\n\n\n<p><\/p>\n\n\n\n<ul class=\"wp-block-list\">\n<li><strong>Activity 2<\/strong> &#8211; Technical, diagnostic and prospective studies\n<ul class=\"wp-block-list\">\n<li><a href=\"https:\/\/repositorium.sdum.uminho.pt\/handle\/1822\/75515\" target=\"_blank\" rel=\"noreferrer noopener\">Documento com a especifica\u00e7\u00e3o dos requisitos do sistema e gest\u00e3o de entidades<\/a><\/li>\n\n\n\n<li><a href=\"http:\/\/repositorium.sdum.uminho.pt\/handle\/1822\/76790\" target=\"_blank\" rel=\"noreferrer noopener\">An\u00e1lise de lacunas de interoperabilidade dos sistemas de gest\u00e3o de informa\u00e7\u00e3o da UMinho e IPB<\/a><\/li>\n\n\n\n<li><a href=\"https:\/\/repositorium.sdum.uminho.pt\/handle\/1822\/77703\" target=\"_blank\" rel=\"noreferrer noopener\">Estudo diagn\u00f3stico dos servi\u00e7os e aplica\u00e7\u00f5es para m\u00e9tricas<\/a><\/li>\n\n\n\n<li><a href=\"https:\/\/portaberta.pt\/wp-content\/uploads\/2024\/01\/WP2_M2.5-Relatorio-INQUERITO-cadernos-abertos-de-laboratorio-codigo-abertos-e-proprietario.V2.pdf\" target=\"_blank\" rel=\"noreferrer noopener\">Relat\u00f3rio Inqu\u00e9rito: cadernos abertos de laborat\u00f3rio<\/a><\/li>\n<\/ul>\n<\/li>\n<\/ul>\n\n\n\n<p><\/p>\n\n\n\n<ul class=\"wp-block-list\">\n<li><strong>Activity 3<\/strong> &#8211; Data management and policies and information curation\n<ul class=\"wp-block-list\">\n<li><a href=\"https:\/\/repositorium.sdum.uminho.pt\/handle\/1822\/77707\" target=\"_blank\" rel=\"noreferrer noopener\">Gest\u00e3o de entidades e identificadores persistentes<\/a><\/li>\n<\/ul>\n<\/li>\n<\/ul>\n\n\n\n<ul class=\"wp-block-list\">\n<li><strong>Activity 5<\/strong> &#8211; Design and development of the Research Portal\n<ul class=\"wp-block-list\">\n<li>VIVO installation:\n<ul class=\"wp-block-list\">\n<li>University of Minho Portal &#8211; <a href=\"http:\/\/portaberta.uminho.pt\/\" target=\"_blank\" rel=\"noreferrer noopener\">http:\/\/portaberta.uminho.pt\/<\/a>&nbsp;<\/li>\n\n\n\n<li>Polytechnic Institute of Bragan\u00e7a Portal &#8211; <a href=\"https:\/\/portaberta.ipb.pt\/\" target=\"_blank\" rel=\"noreferrer noopener\">https:\/\/portaberta.ipb.pt\/<\/a><\/li>\n<\/ul>\n<\/li>\n<\/ul>\n<\/li>\n\n\n\n<li><strong>Activity 6<\/strong> -Open Data Management Services\n<ul class=\"wp-block-list\">\n<li><a href=\"https:\/\/opendmp.portaberta.pt\/\" target=\"_blank\" rel=\"noreferrer noopener\">https:\/\/opendmp.portaberta.pt\/<\/a><\/li>\n\n\n\n<li><a href=\"https:\/\/portaberta.pt\/wp-content\/uploads\/2024\/01\/WP6_E61-Plano-de-melhorias-para-os-repositorios-de-dados-e-processo-de-certificacao_V2.pdf\" target=\"_blank\" rel=\"noreferrer noopener\">Plano de melhorias para os reposit\u00f3rios de dados e processo de certifica\u00e7\u00e3o<\/a><\/li>\n<\/ul>\n<\/li>\n<\/ul>\n\n\n\n<p><\/p>\n\n\n\n<ul class=\"wp-block-list\">\n<li><strong>Activity 7<\/strong> &#8211; Improvements in Academic and Scientific Publications Repositories\n<ul class=\"wp-block-list\">\n<li><a href=\"https:\/\/repositorium.sdum.uminho.pt\/handle\/1822\/77710\" target=\"_blank\" rel=\"noreferrer noopener\">Plano de Desenvolvimento de servi\u00e7os de valor acrescentado nos reposit\u00f3rios<\/a><\/li>\n<\/ul>\n<\/li>\n<\/ul>\n\n\n\n<ul class=\"wp-block-list\">\n<li><strong>Activity 8<\/strong> &#8211; Dissemination, communication and support\n<ul class=\"wp-block-list\">\n<li><a href=\"https:\/\/repositorium.sdum.uminho.pt\/handle\/1822\/88305\" target=\"_blank\" rel=\"noreferrer noopener\">Plano de dissemina\u00e7\u00e3o dos portais de investiga\u00e7\u00e3o<\/a><\/li>\n<\/ul>\n<\/li>\n\n\n\n<li><strong>Events at which presentations were given<\/strong>:\n<ul class=\"wp-block-list\">\n<li><a href=\"https:\/\/portaberta.pt\/wp-content\/uploads\/2024\/01\/Construir-um-Portal-de-Investigacao_IVJOS.pdf\" target=\"_blank\" rel=\"noreferrer noopener\">IV Jornadas Open Source<\/a> &#8211; 09 e 10 September 2022, Instituto Polit\u00e9cnico de Bragan\u00e7a<\/li>\n\n\n\n<li><a href=\"https:\/\/portaberta.pt\/wp-content\/uploads\/2024\/01\/PortAberta_ConfOA2022_final.pdf\" target=\"_blank\" rel=\"noreferrer noopener\">13\u00aa Confer\u00eancia Lus\u00f3fona de Ci\u00eancia Aberta<\/a> &#8211; 10 a 12 October 2022, Universidade Eduardo Mondlane, Mo\u00e7ambique<\/li>\n\n\n\n<li>Roadshow de Dados de Investiga\u00e7\u00e3o &#8211;\n<ul class=\"wp-block-list\">\n<li><a href=\"https:\/\/portaberta.pt\/wp-content\/uploads\/2024\/01\/dia-09_PortAberta_ServicosGDI_PedroPrincipeYuliaKarimova_final.pdf\" target=\"_blank\" rel=\"noreferrer noopener\">09 March 2023<\/a>, Escola Superior de Tecnologia e de Gest\u00e3o, para os Centros de Investiga\u00e7\u00e3o: UNIAG e CIEB<\/li>\n\n\n\n<li><a href=\"https:\/\/portaberta.pt\/wp-content\/uploads\/2024\/01\/Dia-10_-PortAberta_ServicosGDI_PedroPrincipeYuliaKarimova_10102023.pdf\" target=\"_blank\" rel=\"noreferrer noopener\">10 March 2023<\/a>, Instituto Polit\u00e9cnico de Bragan\u00e7a<\/li>\n\n\n\n<li><a href=\"https:\/\/portaberta.pt\/wp-content\/uploads\/2024\/01\/Escola_Inverno_PlanosGestaoDados.pdf\" target=\"_blank\" rel=\"noreferrer noopener\">Escola de Inverno de Gest\u00e3o de Dados de Investiga\u00e7\u00e3o<\/a> &#8211; 14 e 15 February 2023, Universidade do Minho<\/li>\n\n\n\n<li>Escola de Ver\u00e3o de Ci\u00eancia Aberta &#8211; 26 a 30 June 2023, Universidade do Minho<\/li>\n<\/ul>\n<\/li>\n\n\n\n<li><a href=\"https:\/\/portaberta.pt\/wp-content\/uploads\/2024\/01\/PortAberta_CongressoBAD_PedroPrincipe.pdf\" target=\"_blank\" rel=\"noreferrer noopener\">14\u00ba Congresso BAD<\/a> &#8211; 03 a 05 de May 2023, Universidade do Algarve<\/li>\n\n\n\n<li><a href=\"https:\/\/portaberta.pt\/wp-content\/uploads\/2024\/01\/PortAberta_Jornadas2023.pdf\" target=\"_blank\" rel=\"noreferrer noopener\">Jornadas FCCN 2023<\/a> &#8211; 27 a 29 de June 2023, Escola Naval<\/li>\n<\/ul>\n<\/li>\n<\/ul>\n\n\n\n<p class=\"has-text-align-justify\">The University of Minho and the Polytechnic Institute of Bragan\u00e7a share the need to establish a CRIS and Research Portal, as a tool to support and strengthen their affirmation in research and development and their commitment to open science.<\/p>\n\n\n\n<p class=\"has-text-align-justify\">It is due to common needs and challenges that UMinho and IPB identified the opportunity to work together in this project. Considering these common needs and strategies, sharing the effort and investment required for the definition, development and implementation of a CRIS and Research Portal in each institution seems to be a very appropriate and efficient solution for both institutions.<\/p>\n","protected":false},"excerpt":{"rendered":"<p>The University of Minho and the Polytechnic Institute of Bragan\u00e7a share the need to establish a CRIS and Research Portal, as a tool to support and strengthen their affirmation in research and development and their commitment to open science. It is due to common needs and challenges that UMinho and IPB identified the opportunity to [&hellip;]<\/p>\n","protected":false},"author":2,"featured_media":0,"parent":0,"menu_order":0,"comment_status":"closed","ping_status":"closed","template":"template-fullwidth.php","meta":{"footnotes":""},"class_list":["post-19","page","type-page","status-publish","hentry"],"translation":{"provider":"WPGlobus","version":"3.0.2","language":"en","enabled_languages":["pt","en"],"languages":{"pt":{"title":true,"content":true,"excerpt":false},"en":{"title":true,"content":true,"excerpt":false}}},"_links":{"self":[{"href":"https:\/\/portaberta.pt\/en\/wp-json\/wp\/v2\/pages\/19","targetHints":{"allow":["GET"]}}],"collection":[{"href":"https:\/\/portaberta.pt\/en\/wp-json\/wp\/v2\/pages"}],"about":[{"href":"https:\/\/portaberta.pt\/en\/wp-json\/wp\/v2\/types\/page"}],"author":[{"embeddable":true,"href":"https:\/\/portaberta.pt\/en\/wp-json\/wp\/v2\/users\/2"}],"replies":[{"embeddable":true,"href":"https:\/\/portaberta.pt\/en\/wp-json\/wp\/v2\/comments?post=19"}],"version-history":[{"count":42,"href":"https:\/\/portaberta.pt\/en\/wp-json\/wp\/v2\/pages\/19\/revisions"}],"predecessor-version":[{"id":354,"href":"https:\/\/portaberta.pt\/en\/wp-json\/wp\/v2\/pages\/19\/revisions\/354"}],"wp:attachment":[{"href":"https:\/\/portaberta.pt\/en\/wp-json\/wp\/v2\/media?parent=19"}],"curies":[{"name":"wp","href":"https:\/\/api.w.org\/{rel}","templated":true}]}}

<ul class="wp-block-list">
<li><strong>Activity 1</strong> &#8211; Project management and monitoring
<ul class="wp-block-list">
<li><a href="https://repositorium.sdum.uminho.pt/handle/1822/77698" target="_blank" rel="noreferrer noopener">1º Relatório semestral de execução</a></li>



<li><a href="https://repositorium.sdum.uminho.pt/handle/1822/80574" target="_blank" rel="noreferrer noopener">2º Relatório semestral de execução</a></li>



<li><a href="https://repositorium.sdum.uminho.pt/handle/1822/83403" target="_blank" rel="noreferrer noopener">3º Relatório semestral de execução</a></li>



<li><a href="https://repositorium.sdum.uminho.pt/handle/1822/87625" target="_blank" rel="noreferrer noopener">4º Relatório semestral de execução</a></li>
</ul>
</li>
</ul>



<p></p>



<ul class="wp-block-list">
<li><strong>Activity 2</strong> &#8211; Technical, diagnostic and prospective studies
<ul class="wp-block-list">
<li><a href="https://repositorium.sdum.uminho.pt/handle/1822/75515" target="_blank" rel="noreferrer noopener">Documento com a especificação dos requisitos do sistema e gestão de entidades</a></li>



<li><a href="http://repositorium.sdum.uminho.pt/handle/1822/76790" target="_blank" rel="noreferrer noopener">Análise de lacunas de interoperabilidade dos sistemas de gestão de informação da UMinho e IPB</a></li>



<li><a href="https://repositorium.sdum.uminho.pt/handle/1822/77703" target="_blank" rel="noreferrer noopener">Estudo diagnóstico dos serviços e aplicações para métricas</a></li>



<li><a href="https://portaberta.pt/wp-content/uploads/2024/01/WP2_M2.5-Relatorio-INQUERITO-cadernos-abertos-de-laboratorio-codigo-abertos-e-proprietario.V2.pdf" target="_blank" rel="noreferrer noopener">Relatório Inquérito: cadernos abertos de laboratório</a></li>
</ul>
</li>
</ul>



<p></p>



<ul class="wp-block-list">
<li><strong>Activity 3</strong> &#8211; Data management and policies and information curation
<ul class="wp-block-list">
<li><a href="https://repositorium.sdum.uminho.pt/handle/1822/77707" target="_blank" rel="noreferrer noopener">Gestão de entidades e identificadores persistentes</a></li>
</ul>
</li>
</ul>



<ul class="wp-block-list">
<li><strong>Activity 5</strong> &#8211; Design and development of the Research Portal
<ul class="wp-block-list">
<li>VIVO installation:
<ul class="wp-block-list">
<li>University of Minho Portal &#8211; <a href="http://portaberta.uminho.pt/" target="_blank" rel="noreferrer noopener">http://portaberta.uminho.pt/</a>&nbsp;</li>



<li>Polytechnic Institute of Bragança Portal &#8211; <a href="https://portaberta.ipb.pt/" target="_blank" rel="noreferrer noopener">https://portaberta.ipb.pt/</a></li>
</ul>
</li>
</ul>
</li>



<li><strong>Activity 6</strong> -Open Data Management Services
<ul class="wp-block-list">
<li><a href="https://opendmp.portaberta.pt/" target="_blank" rel="noreferrer noopener">https://opendmp.portaberta.pt/</a></li>



<li><a href="https://portaberta.pt/wp-content/uploads/2024/01/WP6_E61-Plano-de-melhorias-para-os-repositorios-de-dados-e-processo-de-certificacao_V2.pdf" target="_blank" rel="noreferrer noopener">Plano de melhorias para os repositórios de dados e processo de certificação</a></li>
</ul>
</li>
</ul>



<p></p>



<ul class="wp-block-list">
<li><strong>Activity 7</strong> &#8211; Improvements in Academic and Scientific Publications Repositories
<ul class="wp-block-list">
<li><a href="https://repositorium.sdum.uminho.pt/handle/1822/77710" target="_blank" rel="noreferrer noopener">Plano de Desenvolvimento de serviços de valor acrescentado nos repositórios</a></li>
</ul>
</li>
</ul>



<ul class="wp-block-list">
<li><strong>Activity 8</strong> &#8211; Dissemination, communication and support
<ul class="wp-block-list">
<li><a href="https://repositorium.sdum.uminho.pt/handle/1822/88305" target="_blank" rel="noreferrer noopener">Plano de disseminação dos portais de investigação</a></li>
</ul>
</li>



<li><strong>Events at which presentations were given</strong>:
<ul class="wp-block-list">
<li><a href="https://portaberta.pt/wp-content/uploads/2024/01/Construir-um-Portal-de-Investigacao_IVJOS.pdf" target="_blank" rel="noreferrer noopener">IV Jornadas Open Source</a> &#8211; 09 e 10 September 2022, Instituto Politécnico de Bragança</li>



<li><a href="https://portaberta.pt/wp-content/uploads/2024/01/PortAberta_ConfOA2022_final.pdf" target="_blank" rel="noreferrer noopener">13ª Conferência Lusófona de Ciência Aberta</a> &#8211; 10 a 12 October 2022, Universidade Eduardo Mondlane, Moçambique</li>



<li>Roadshow de Dados de Investigação &#8211;
<ul class="wp-block-list">
<li><a href="https://portaberta.pt/wp-content/uploads/2024/01/dia-09_PortAberta_ServicosGDI_PedroPrincipeYuliaKarimova_final.pdf" target="_blank" rel="noreferrer noopener">09 March 2023</a>, Escola Superior de Tecnologia e de Gestão, para os Centros de Investigação: UNIAG e CIEB</li>



<li><a href="https://portaberta.pt/wp-content/uploads/2024/01/Dia-10_-PortAberta_ServicosGDI_PedroPrincipeYuliaKarimova_10102023.pdf" target="_blank" rel="noreferrer noopener">10 March 2023</a>, Instituto Politécnico de Bragança</li>



<li><a href="https://portaberta.pt/wp-content/uploads/2024/01/Escola_Inverno_PlanosGestaoDados.pdf" target="_blank" rel="noreferrer noopener">Escola de Inverno de Gestão de Dados de Investigação</a> &#8211; 14 e 15 February 2023, Universidade do Minho</li>



<li>Escola de Verão de Ciência Aberta &#8211; 26 a 30 June 2023, Universidade do Minho</li>
</ul>
</li>



<li><a href="https://portaberta.pt/wp-content/uploads/2024/01/PortAberta_CongressoBAD_PedroPrincipe.pdf" target="_blank" rel="noreferrer noopener">14º Congresso BAD</a> &#8211; 03 a 05 de May 2023, Universidade do Algarve</li>



<li><a href="https://portaberta.pt/wp-content/uploads/2024/01/PortAberta_Jornadas2023.pdf" target="_blank" rel="noreferrer noopener">Jornadas FCCN 2023</a> &#8211; 27 a 29 de June 2023, Escola Naval</li>
</ul>
</li>
</ul>



<p class="has-text-align-justify">The University of Minho and the Polytechnic Institute of Bragança share the need to establish a CRIS and Research Portal, as a tool to support and strengthen their affirmation in research and development and their commitment to open science.</p>



<p class="has-text-align-justify">It is due to common needs and challenges that UMinho and IPB identified the opportunity to work together in this project. Considering these common needs and strategies, sharing the effort and investment required for the definition, development and implementation of a CRIS and Research Portal in each institution seems to be a very appropriate and efficient solution for both institutions.</p>

<p>The University of Minho and the Polytechnic Institute of Bragança share the need to establish a CRIS and Research Portal, as a tool to support and strengthen their affirmation in research and development and their commitment to open science. It is due to common needs and challenges that UMinho and IPB identified the opportunity to [&hellip;]</p>
